{"id":37674,"date":"2023-02-07T18:00:16","date_gmt":"2023-02-07T18:00:16","guid":{"rendered":"https:\/\/lereumaviagem.com\/piqueniques-literarios-em-tapetes-voadores\/?post_type=equipe&#038;p=37674"},"modified":"2023-02-07T18:00:16","modified_gmt":"2023-02-07T18:00:16","slug":"paola-gatto","status":"publish","type":"equipe","link":"https:\/\/lereumaviagem.com\/piqueniques-literarios-em-tapetes-voadores\/equipe\/paola-gatto\/","title":{"rendered":"Paola Gatto"},"content":{"rendered":"<p>Produtora cultural e artista autodidata. Nasceu no M\u00e9xico em 1976 e cresceu na Argentina, onde realizou seus estudos em cinema e jornalismo, e seus primeiros passos na produ\u00e7\u00e3o de eventos culturais. Mora no Brasil desde 2000 e colabora em diversos projetos art\u00edstico-culturais nacionais e internacionais pelo pa\u00eds. Suas atividades art\u00edsticas e maternas s\u00e3o sua guia e fonte de inspira\u00e7\u00e3o.<\/p>\n","protected":false},"excerpt":{"rendered":"<p>Produtora cultural e artista autodidata. Nasceu no M\u00e9xico em 1976 e cresceu na Argentina, onde realizou seus estudos em cinema e jornalismo, e seus primeiros passos na produ\u00e7\u00e3o de eventos culturais. Mora no Brasil desde 2000 e colabora em diversos projetos art\u00edstico-culturais nacionais e internacionais pelo pa\u00eds. Suas atividades art\u00edsticas e maternas s\u00e3o sua guia&#8230;<\/p>\n","protected":false},"featured_media":37675,"comment_status":"open","ping_status":"closed","template":"","meta":{"pmpro_default_level":""},"departamento":[77],"class_list":["post-37674","equipe","type-equipe","status-publish","has-post-thumbnail","hentry","departamento-producao-e-administracao","pmpro-has-access"],"yoast_head":"<!-- This site is optimized with the Yoast SEO plugin v26.8 - https:\/\/yoast.com\/product\/yoast-seo-wordpress\/ -->\n<title>Paola Gatto - Piqueniques Liter\u00e1rios<\/title>\n<meta name=\"robots\" content=\"index, follow, max-snippet:-1, max-image-preview:large, max-video-preview:-1\" \/>\n<link rel=\"canonical\" href=\"https:\/\/lereumaviagem.com\/piqueniques-literarios-em-tapetes-voadores\/equipe\/paola-gatto\/\" \/>\n<meta property=\"og:locale\" content=\"pt_BR\" \/>\n<meta property=\"og:type\" content=\"article\" \/>\n<meta property=\"og:title\" content=\"Paola Gatto - Piqueniques Liter\u00e1rios\" \/>\n<meta property=\"og:description\" content=\"Produtora cultural e artista autodidata. Nasceu no M\u00e9xico em 1976 e cresceu na Argentina, onde realizou seus estudos em cinema e jornalismo, e seus primeiros passos na produ\u00e7\u00e3o de eventos culturais. Mora no Brasil desde 2000 e colabora em diversos projetos art\u00edstico-culturais nacionais e internacionais pelo pa\u00eds. Suas atividades art\u00edsticas e maternas s\u00e3o sua guia...\" \/>\n<meta property=\"og:url\" content=\"https:\/\/lereumaviagem.com\/piqueniques-literarios-em-tapetes-voadores\/equipe\/paola-gatto\/\" \/>\n<meta property=\"og:site_name\" content=\"Piqueniques Liter\u00e1rios\" \/>\n<meta property=\"article:publisher\" content=\"https:\/\/www.facebook.com\/lereumaviagem\" \/>\n<meta property=\"og:image\" content=\"http:\/\/lereumaviagem.com\/piqueniques-literarios-em-tapetes-voadores\/wp-content\/uploads\/2023\/02\/PLTV-Paola-Gatto-Pacheco.jpg\" \/>\n\t<meta property=\"og:image:width\" content=\"450\" \/>\n\t<meta property=\"og:image:height\" content=\"450\" \/>\n\t<meta property=\"og:image:type\" content=\"image\/jpeg\" \/>\n<meta name=\"twitter:card\" content=\"summary_large_image\" \/>\n<script type=\"application\/ld+json\" class=\"yoast-schema-graph\">{\"@context\":\"https:\/\/schema.org\",\"@graph\":[{\"@type\":\"WebPage\",\"@id\":\"https:\/\/lereumaviagem.com\/piqueniques-literarios-em-tapetes-voadores\/equipe\/paola-gatto\/\",\"url\":\"https:\/\/lereumaviagem.com\/piqueniques-literarios-em-tapetes-voadores\/equipe\/paola-gatto\/\",\"name\":\"Paola Gatto - Piqueniques Liter\u00e1rios\",\"isPartOf\":{\"@id\":\"https:\/\/lereumaviagem.com\/piqueniques-literarios-em-tapetes-voadores\/#website\"},\"primaryImageOfPage\":{\"@id\":\"https:\/\/lereumaviagem.com\/piqueniques-literarios-em-tapetes-voadores\/equipe\/paola-gatto\/#primaryimage\"},\"image\":{\"@id\":\"https:\/\/lereumaviagem.com\/piqueniques-literarios-em-tapetes-voadores\/equipe\/paola-gatto\/#primaryimage\"},\"thumbnailUrl\":\"https:\/\/lereumaviagem.com\/piqueniques-literarios-em-tapetes-voadores\/wp-content\/uploads\/2023\/02\/PLTV-Paola-Gatto-Pacheco.jpg\",\"datePublished\":\"2023-02-07T18:00:16+00:00\",\"breadcrumb\":{\"@id\":\"https:\/\/lereumaviagem.com\/piqueniques-literarios-em-tapetes-voadores\/equipe\/paola-gatto\/#breadcrumb\"},\"inLanguage\":\"pt-BR\",\"potentialAction\":[{\"@type\":\"ReadAction\",\"target\":[\"https:\/\/lereumaviagem.com\/piqueniques-literarios-em-tapetes-voadores\/equipe\/paola-gatto\/\"]}]},{\"@type\":\"ImageObject\",\"inLanguage\":\"pt-BR\",\"@id\":\"https:\/\/lereumaviagem.com\/piqueniques-literarios-em-tapetes-voadores\/equipe\/paola-gatto\/#primaryimage\",\"url\":\"https:\/\/lereumaviagem.com\/piqueniques-literarios-em-tapetes-voadores\/wp-content\/uploads\/2023\/02\/PLTV-Paola-Gatto-Pacheco.jpg\",\"contentUrl\":\"https:\/\/lereumaviagem.com\/piqueniques-literarios-em-tapetes-voadores\/wp-content\/uploads\/2023\/02\/PLTV-Paola-Gatto-Pacheco.jpg\",\"width\":450,\"height\":450},{\"@type\":\"BreadcrumbList\",\"@id\":\"https:\/\/lereumaviagem.com\/piqueniques-literarios-em-tapetes-voadores\/equipe\/paola-gatto\/#breadcrumb\",\"itemListElement\":[{\"@type\":\"ListItem\",\"position\":1,\"name\":\"In\u00edcio\",\"item\":\"https:\/\/lereumaviagem.com\/piqueniques-literarios-em-tapetes-voadores\/\"},{\"@type\":\"ListItem\",\"position\":2,\"name\":\"Paola Gatto\"}]},{\"@type\":\"WebSite\",\"@id\":\"https:\/\/lereumaviagem.com\/piqueniques-literarios-em-tapetes-voadores\/#website\",\"url\":\"https:\/\/lereumaviagem.com\/piqueniques-literarios-em-tapetes-voadores\/\",\"name\":\"Piqueniques Liter\u00e1rios\",\"description\":\"Tapetes Voadores\",\"publisher\":{\"@id\":\"https:\/\/lereumaviagem.com\/piqueniques-literarios-em-tapetes-voadores\/#organization\"},\"potentialAction\":[{\"@type\":\"SearchAction\",\"target\":{\"@type\":\"EntryPoint\",\"urlTemplate\":\"https:\/\/lereumaviagem.com\/piqueniques-literarios-em-tapetes-voadores\/?s={search_term_string}\"},\"query-input\":{\"@type\":\"PropertyValueSpecification\",\"valueRequired\":true,\"valueName\":\"search_term_string\"}}],\"inLanguage\":\"pt-BR\"},{\"@type\":\"Organization\",\"@id\":\"https:\/\/lereumaviagem.com\/piqueniques-literarios-em-tapetes-voadores\/#organization\",\"name\":\"Piqueniques Liter\u00e1rios em Tapetes Voadores\",\"url\":\"https:\/\/lereumaviagem.com\/piqueniques-literarios-em-tapetes-voadores\/\",\"logo\":{\"@type\":\"ImageObject\",\"inLanguage\":\"pt-BR\",\"@id\":\"https:\/\/lereumaviagem.com\/piqueniques-literarios-em-tapetes-voadores\/#\/schema\/logo\/image\/\",\"url\":\"https:\/\/lereumaviagem.com\/piqueniques-literarios-em-tapetes-voadores\/wp-content\/uploads\/2023\/01\/logo-Piqueniques-Literarios.png\",\"contentUrl\":\"https:\/\/lereumaviagem.com\/piqueniques-literarios-em-tapetes-voadores\/wp-content\/uploads\/2023\/01\/logo-Piqueniques-Literarios.png\",\"width\":300,\"height\":154,\"caption\":\"Piqueniques Liter\u00e1rios em Tapetes Voadores\"},\"image\":{\"@id\":\"https:\/\/lereumaviagem.com\/piqueniques-literarios-em-tapetes-voadores\/#\/schema\/logo\/image\/\"},\"sameAs\":[\"https:\/\/www.facebook.com\/lereumaviagem\",\"https:\/\/www.instagram.com\/lereumaviagemoficial\/\",\"https:\/\/www.youtube.com\/@lereumaviagemoficial\"]}]}<\/script>\n<!-- \/ Yoast SEO plugin. -->","yoast_head_json":{"title":"Paola Gatto - Piqueniques Liter\u00e1rios","robots":{"index":"index","follow":"follow","max-snippet":"max-snippet:-1","max-image-preview":"max-image-preview:large","max-video-preview":"max-video-preview:-1"},"canonical":"https:\/\/lereumaviagem.com\/piqueniques-literarios-em-tapetes-voadores\/equipe\/paola-gatto\/","og_locale":"pt_BR","og_type":"article","og_title":"Paola Gatto - Piqueniques Liter\u00e1rios","og_description":"Produtora cultural e artista autodidata. Nasceu no M\u00e9xico em 1976 e cresceu na Argentina, onde realizou seus estudos em cinema e jornalismo, e seus primeiros passos na produ\u00e7\u00e3o de eventos culturais. Mora no Brasil desde 2000 e colabora em diversos projetos art\u00edstico-culturais nacionais e internacionais pelo pa\u00eds. Suas atividades art\u00edsticas e maternas s\u00e3o sua guia...","og_url":"https:\/\/lereumaviagem.com\/piqueniques-literarios-em-tapetes-voadores\/equipe\/paola-gatto\/","og_site_name":"Piqueniques Liter\u00e1rios","article_publisher":"https:\/\/www.facebook.com\/lereumaviagem","og_image":[{"width":450,"height":450,"url":"http:\/\/lereumaviagem.com\/piqueniques-literarios-em-tapetes-voadores\/wp-content\/uploads\/2023\/02\/PLTV-Paola-Gatto-Pacheco.jpg","type":"image\/jpeg"}],"twitter_card":"summary_large_image","schema":{"@context":"https:\/\/schema.org","@graph":[{"@type":"WebPage","@id":"https:\/\/lereumaviagem.com\/piqueniques-literarios-em-tapetes-voadores\/equipe\/paola-gatto\/","url":"https:\/\/lereumaviagem.com\/piqueniques-literarios-em-tapetes-voadores\/equipe\/paola-gatto\/","name":"Paola Gatto - Piqueniques Liter\u00e1rios","isPartOf":{"@id":"https:\/\/lereumaviagem.com\/piqueniques-literarios-em-tapetes-voadores\/#website"},"primaryImageOfPage":{"@id":"https:\/\/lereumaviagem.com\/piqueniques-literarios-em-tapetes-voadores\/equipe\/paola-gatto\/#primaryimage"},"image":{"@id":"https:\/\/lereumaviagem.com\/piqueniques-literarios-em-tapetes-voadores\/equipe\/paola-gatto\/#primaryimage"},"thumbnailUrl":"https:\/\/lereumaviagem.com\/piqueniques-literarios-em-tapetes-voadores\/wp-content\/uploads\/2023\/02\/PLTV-Paola-Gatto-Pacheco.jpg","datePublished":"2023-02-07T18:00:16+00:00","breadcrumb":{"@id":"https:\/\/lereumaviagem.com\/piqueniques-literarios-em-tapetes-voadores\/equipe\/paola-gatto\/#breadcrumb"},"inLanguage":"pt-BR","potentialAction":[{"@type":"ReadAction","target":["https:\/\/lereumaviagem.com\/piqueniques-literarios-em-tapetes-voadores\/equipe\/paola-gatto\/"]}]},{"@type":"ImageObject","inLanguage":"pt-BR","@id":"https:\/\/lereumaviagem.com\/piqueniques-literarios-em-tapetes-voadores\/equipe\/paola-gatto\/#primaryimage","url":"https:\/\/lereumaviagem.com\/piqueniques-literarios-em-tapetes-voadores\/wp-content\/uploads\/2023\/02\/PLTV-Paola-Gatto-Pacheco.jpg","contentUrl":"https:\/\/lereumaviagem.com\/piqueniques-literarios-em-tapetes-voadores\/wp-content\/uploads\/2023\/02\/PLTV-Paola-Gatto-Pacheco.jpg","width":450,"height":450},{"@type":"BreadcrumbList","@id":"https:\/\/lereumaviagem.com\/piqueniques-literarios-em-tapetes-voadores\/equipe\/paola-gatto\/#breadcrumb","itemListElement":[{"@type":"ListItem","position":1,"name":"In\u00edcio","item":"https:\/\/lereumaviagem.com\/piqueniques-literarios-em-tapetes-voadores\/"},{"@type":"ListItem","position":2,"name":"Paola Gatto"}]},{"@type":"WebSite","@id":"https:\/\/lereumaviagem.com\/piqueniques-literarios-em-tapetes-voadores\/#website","url":"https:\/\/lereumaviagem.com\/piqueniques-literarios-em-tapetes-voadores\/","name":"Piqueniques Liter\u00e1rios","description":"Tapetes Voadores","publisher":{"@id":"https:\/\/lereumaviagem.com\/piqueniques-literarios-em-tapetes-voadores\/#organization"},"potentialAction":[{"@type":"SearchAction","target":{"@type":"EntryPoint","urlTemplate":"https:\/\/lereumaviagem.com\/piqueniques-literarios-em-tapetes-voadores\/?s={search_term_string}"},"query-input":{"@type":"PropertyValueSpecification","valueRequired":true,"valueName":"search_term_string"}}],"inLanguage":"pt-BR"},{"@type":"Organization","@id":"https:\/\/lereumaviagem.com\/piqueniques-literarios-em-tapetes-voadores\/#organization","name":"Piqueniques Liter\u00e1rios em Tapetes Voadores","url":"https:\/\/lereumaviagem.com\/piqueniques-literarios-em-tapetes-voadores\/","logo":{"@type":"ImageObject","inLanguage":"pt-BR","@id":"https:\/\/lereumaviagem.com\/piqueniques-literarios-em-tapetes-voadores\/#\/schema\/logo\/image\/","url":"https:\/\/lereumaviagem.com\/piqueniques-literarios-em-tapetes-voadores\/wp-content\/uploads\/2023\/01\/logo-Piqueniques-Literarios.png","contentUrl":"https:\/\/lereumaviagem.com\/piqueniques-literarios-em-tapetes-voadores\/wp-content\/uploads\/2023\/01\/logo-Piqueniques-Literarios.png","width":300,"height":154,"caption":"Piqueniques Liter\u00e1rios em Tapetes Voadores"},"image":{"@id":"https:\/\/lereumaviagem.com\/piqueniques-literarios-em-tapetes-voadores\/#\/schema\/logo\/image\/"},"sameAs":["https:\/\/www.facebook.com\/lereumaviagem","https:\/\/www.instagram.com\/lereumaviagemoficial\/","https:\/\/www.youtube.com\/@lereumaviagemoficial"]}]}},"_links":{"self":[{"href":"https:\/\/lereumaviagem.com\/piqueniques-literarios-em-tapetes-voadores\/wp-json\/wp\/v2\/equipe\/37674","targetHints":{"allow":["GET"]}}],"collection":[{"href":"https:\/\/lereumaviagem.com\/piqueniques-literarios-em-tapetes-voadores\/wp-json\/wp\/v2\/equipe"}],"about":[{"href":"https:\/\/lereumaviagem.com\/piqueniques-literarios-em-tapetes-voadores\/wp-json\/wp\/v2\/types\/equipe"}],"replies":[{"embeddable":true,"href":"https:\/\/lereumaviagem.com\/piqueniques-literarios-em-tapetes-voadores\/wp-json\/wp\/v2\/comments?post=37674"}],"wp:featuredmedia":[{"embeddable":true,"href":"https:\/\/lereumaviagem.com\/piqueniques-literarios-em-tapetes-voadores\/wp-json\/wp\/v2\/media\/37675"}],"wp:attachment":[{"href":"https:\/\/lereumaviagem.com\/piqueniques-literarios-em-tapetes-voadores\/wp-json\/wp\/v2\/media?parent=37674"}],"wp:term":[{"taxonomy":"departamento","embeddable":true,"href":"https:\/\/lereumaviagem.com\/piqueniques-literarios-em-tapetes-voadores\/wp-json\/wp\/v2\/departamento?post=37674"}],"curies":[{"name":"wp","href":"https:\/\/api.w.org\/{rel}","templated":true}]}}

<p>Produtora cultural e artista autodidata. Nasceu no México em 1976 e cresceu na Argentina, onde realizou seus estudos em cinema e jornalismo, e seus primeiros passos na produção de eventos culturais. Mora no Brasil desde 2000 e colabora em diversos projetos artístico-culturais nacionais e internacionais pelo país. Suas atividades artísticas e maternas são sua guia e fonte de inspiração.</p>

<p>Produtora cultural e artista autodidata. Nasceu no México em 1976 e cresceu na Argentina, onde realizou seus estudos em cinema e jornalismo, e seus primeiros passos na produção de eventos culturais. Mora no Brasil desde 2000 e colabora em diversos projetos artístico-culturais nacionais e internacionais pelo país. Suas atividades artísticas e maternas são sua guia&#8230;</p>

<!-- This site is optimized with the Yoast SEO plugin v26.8 - https://yoast.com/product/yoast-seo-wordpress/ -->
<title>Paola Gatto - Piqueniques Literários</title>
<meta name="robots" content="index, follow, max-snippet:-1, max-image-preview:large, max-video-preview:-1" />
<link rel="canonical" href="https://lereumaviagem.com/piqueniques-literarios-em-tapetes-voadores/equipe/paola-gatto/" />
<meta property="og:locale" content="pt_BR" />
<meta property="og:type" content="article" />
<meta property="og:title" content="Paola Gatto - Piqueniques Literários" />
<meta property="og:description" content="Produtora cultural e artista autodidata. Nasceu no México em 1976 e cresceu na Argentina, onde realizou seus estudos em cinema e jornalismo, e seus primeiros passos na produção de eventos culturais. Mora no Brasil desde 2000 e colabora em diversos projetos artístico-culturais nacionais e internacionais pelo país. Suas atividades artísticas e maternas são sua guia..." />
<meta property="og:url" content="https://lereumaviagem.com/piqueniques-literarios-em-tapetes-voadores/equipe/paola-gatto/" />
<meta property="og:site_name" content="Piqueniques Literários" />
<meta property="article:publisher" content="https://www.facebook.com/lereumaviagem" />
<meta property="og:image" content="http://lereumaviagem.com/piqueniques-literarios-em-tapetes-voadores/wp-content/uploads/2023/02/PLTV-Paola-Gatto-Pacheco.jpg" />
	<meta property="og:image:width" content="450" />
	<meta property="og:image:height" content="450" />
	<meta property="og:image:type" content="image/jpeg" />
<meta name="twitter:card" content="summary_large_image" />
<script type="application/ld+json" class="yoast-schema-graph">{"@context":"https://schema.org","@graph":[{"@type":"WebPage","@id":"https://lereumaviagem.com/piqueniques-literarios-em-tapetes-voadores/equipe/paola-gatto/","url":"https://lereumaviagem.com/piqueniques-literarios-em-tapetes-voadores/equipe/paola-gatto/","name":"Paola Gatto - Piqueniques Literários","isPartOf":{"@id":"https://lereumaviagem.com/piqueniques-literarios-em-tapetes-voadores/#website"},"primaryImageOfPage":{"@id":"https://lereumaviagem.com/piqueniques-literarios-em-tapetes-voadores/equipe/paola-gatto/#primaryimage"},"image":{"@id":"https://lereumaviagem.com/piqueniques-literarios-em-tapetes-voadores/equipe/paola-gatto/#primaryimage"},"thumbnailUrl":"https://lereumaviagem.com/piqueniques-literarios-em-tapetes-voadores/wp-content/uploads/2023/02/PLTV-Paola-Gatto-Pacheco.jpg","datePublished":"2023-02-07T18:00:16+00:00","breadcrumb":{"@id":"https://lereumaviagem.com/piqueniques-literarios-em-tapetes-voadores/equipe/paola-gatto/#breadcrumb"},"inLanguage":"pt-BR","potentialAction":[{"@type":"ReadAction","target":["https://lereumaviagem.com/piqueniques-literarios-em-tapetes-voadores/equipe/paola-gatto/"]}]},{"@type":"ImageObject","inLanguage":"pt-BR","@id":"https://lereumaviagem.com/piqueniques-literarios-em-tapetes-voadores/equipe/paola-gatto/#primaryimage","url":"https://lereumaviagem.com/piqueniques-literarios-em-tapetes-voadores/wp-content/uploads/2023/02/PLTV-Paola-Gatto-Pacheco.jpg","contentUrl":"https://lereumaviagem.com/piqueniques-literarios-em-tapetes-voadores/wp-content/uploads/2023/02/PLTV-Paola-Gatto-Pacheco.jpg","width":450,"height":450},{"@type":"BreadcrumbList","@id":"https://lereumaviagem.com/piqueniques-literarios-em-tapetes-voadores/equipe/paola-gatto/#breadcrumb","itemListElement":[{"@type":"ListItem","position":1,"name":"Início","item":"https://lereumaviagem.com/piqueniques-literarios-em-tapetes-voadores/"},{"@type":"ListItem","position":2,"name":"Paola Gatto"}]},{"@type":"WebSite","@id":"https://lereumaviagem.com/piqueniques-literarios-em-tapetes-voadores/#website","url":"https://lereumaviagem.com/piqueniques-literarios-em-tapetes-voadores/","name":"Piqueniques Literários","description":"Tapetes Voadores","publisher":{"@id":"https://lereumaviagem.com/piqueniques-literarios-em-tapetes-voadores/#organization"},"potentialAction":[{"@type":"SearchAction","target":{"@type":"EntryPoint","urlTemplate":"https://lereumaviagem.com/piqueniques-literarios-em-tapetes-voadores/?s={search_term_string}"},"query-input":{"@type":"PropertyValueSpecification","valueRequired":true,"valueName":"search_term_string"}}],"inLanguage":"pt-BR"},{"@type":"Organization","@id":"https://lereumaviagem.com/piqueniques-literarios-em-tapetes-voadores/#organization","name":"Piqueniques Literários em Tapetes Voadores","url":"https://lereumaviagem.com/piqueniques-literarios-em-tapetes-voadores/","logo":{"@type":"ImageObject","inLanguage":"pt-BR","@id":"https://lereumaviagem.com/piqueniques-literarios-em-tapetes-voadores/#/schema/logo/image/","url":"https://lereumaviagem.com/piqueniques-literarios-em-tapetes-voadores/wp-content/uploads/2023/01/logo-Piqueniques-Literarios.png","contentUrl":"https://lereumaviagem.com/piqueniques-literarios-em-tapetes-voadores/wp-content/uploads/2023/01/logo-Piqueniques-Literarios.png","width":300,"height":154,"caption":"Piqueniques Literários em Tapetes Voadores"},"image":{"@id":"https://lereumaviagem.com/piqueniques-literarios-em-tapetes-voadores/#/schema/logo/image/"},"sameAs":["https://www.facebook.com/lereumaviagem","https://www.instagram.com/lereumaviagemoficial/","https://www.youtube.com/@lereumaviagemoficial"]}]}</script>
<!-- / Yoast SEO plugin. -->

Paola Gatto - Piqueniques Literários

Produtora cultural e artista autodidata. Nasceu no México em 1976 e cresceu na Argentina, onde realizou seus estudos em cinema e jornalismo, e seus primeiros passos na produção de eventos culturais. Mora no Brasil desde 2000 e colabora em diversos projetos artístico-culturais nacionais e internacionais pelo país. Suas atividades artísticas e maternas são sua guia...

Piqueniques Literários

Início

Piqueniques Literários em Tapetes Voadores
