{"id":37670,"date":"2023-02-07T17:58:33","date_gmt":"2023-02-07T17:58:33","guid":{"rendered":"https:\/\/lereumaviagem.com\/piqueniques-literarios-em-tapetes-voadores\/?post_type=equipe&#038;p=37670"},"modified":"2023-02-07T17:58:33","modified_gmt":"2023-02-07T17:58:33","slug":"felipe-brito","status":"publish","type":"equipe","link":"https:\/\/lereumaviagem.com\/piqueniques-literarios-em-tapetes-voadores\/equipe\/felipe-brito\/","title":{"rendered":"Felipe Brito"},"content":{"rendered":"<p>Produtor cultural, especializando em Temas Transversais, pelo IFSP &#8211; Salto. Bacharel em direito pela Faculdade de Direito de Itu &#8211; FADITU. Tem seu trabalho focado em projetos culturais e ambientais. Desde 2014, desenvolve atividades junto \u00e0 organiza\u00e7\u00e3o n\u00e3o governamental Movimento Socioambiental Caminho das \u00c1guas, onde atua na gest\u00e3o, produ\u00e7\u00e3o e administra\u00e7\u00e3o de projetos culturais.<\/p>\n","protected":false},"excerpt":{"rendered":"<p>Produtor cultural, especializando em Temas Transversais, pelo IFSP &#8211; Salto. Bacharel em direito pela Faculdade de Direito de Itu &#8211; FADITU. Tem seu trabalho focado em projetos culturais e ambientais. Desde 2014, desenvolve atividades junto \u00e0 organiza\u00e7\u00e3o n\u00e3o governamental Movimento Socioambiental Caminho das \u00c1guas, onde atua na gest\u00e3o, produ\u00e7\u00e3o e administra\u00e7\u00e3o de projetos culturais.<\/p>\n","protected":false},"featured_media":37671,"comment_status":"open","ping_status":"closed","template":"","meta":{"pmpro_default_level":""},"departamento":[77],"class_list":["post-37670","equipe","type-equipe","status-publish","has-post-thumbnail","hentry","departamento-producao-e-administracao","pmpro-has-access"],"yoast_head":"<!-- This site is optimized with the Yoast SEO plugin v26.8 - https:\/\/yoast.com\/product\/yoast-seo-wordpress\/ -->\n<title>Felipe Brito - Piqueniques Liter\u00e1rios<\/title>\n<meta name=\"robots\" content=\"index, follow, max-snippet:-1, max-image-preview:large, max-video-preview:-1\" \/>\n<link rel=\"canonical\" href=\"https:\/\/lereumaviagem.com\/piqueniques-literarios-em-tapetes-voadores\/equipe\/felipe-brito\/\" \/>\n<meta property=\"og:locale\" content=\"pt_BR\" \/>\n<meta property=\"og:type\" content=\"article\" \/>\n<meta property=\"og:title\" content=\"Felipe Brito - Piqueniques Liter\u00e1rios\" \/>\n<meta property=\"og:description\" content=\"Produtor cultural, especializando em Temas Transversais, pelo IFSP &#8211; Salto. Bacharel em direito pela Faculdade de Direito de Itu &#8211; FADITU. Tem seu trabalho focado em projetos culturais e ambientais. Desde 2014, desenvolve atividades junto \u00e0 organiza\u00e7\u00e3o n\u00e3o governamental Movimento Socioambiental Caminho das \u00c1guas, onde atua na gest\u00e3o, produ\u00e7\u00e3o e administra\u00e7\u00e3o de projetos culturais.\" \/>\n<meta property=\"og:url\" content=\"https:\/\/lereumaviagem.com\/piqueniques-literarios-em-tapetes-voadores\/equipe\/felipe-brito\/\" \/>\n<meta property=\"og:site_name\" content=\"Piqueniques Liter\u00e1rios\" \/>\n<meta property=\"article:publisher\" content=\"https:\/\/www.facebook.com\/lereumaviagem\" \/>\n<meta property=\"og:image\" content=\"http:\/\/lereumaviagem.com\/piqueniques-literarios-em-tapetes-voadores\/wp-content\/uploads\/2023\/02\/PLTV-Felipe-Brito-Foto-Daniela-Noronha.jpg\" \/>\n\t<meta property=\"og:image:width\" content=\"450\" \/>\n\t<meta property=\"og:image:height\" content=\"450\" \/>\n\t<meta property=\"og:image:type\" content=\"image\/jpeg\" \/>\n<meta name=\"twitter:card\" content=\"summary_large_image\" \/>\n<script type=\"application\/ld+json\" class=\"yoast-schema-graph\">{\"@context\":\"https:\/\/schema.org\",\"@graph\":[{\"@type\":\"WebPage\",\"@id\":\"https:\/\/lereumaviagem.com\/piqueniques-literarios-em-tapetes-voadores\/equipe\/felipe-brito\/\",\"url\":\"https:\/\/lereumaviagem.com\/piqueniques-literarios-em-tapetes-voadores\/equipe\/felipe-brito\/\",\"name\":\"Felipe Brito - Piqueniques Liter\u00e1rios\",\"isPartOf\":{\"@id\":\"https:\/\/lereumaviagem.com\/piqueniques-literarios-em-tapetes-voadores\/#website\"},\"primaryImageOfPage\":{\"@id\":\"https:\/\/lereumaviagem.com\/piqueniques-literarios-em-tapetes-voadores\/equipe\/felipe-brito\/#primaryimage\"},\"image\":{\"@id\":\"https:\/\/lereumaviagem.com\/piqueniques-literarios-em-tapetes-voadores\/equipe\/felipe-brito\/#primaryimage\"},\"thumbnailUrl\":\"https:\/\/lereumaviagem.com\/piqueniques-literarios-em-tapetes-voadores\/wp-content\/uploads\/2023\/02\/PLTV-Felipe-Brito-Foto-Daniela-Noronha.jpg\",\"datePublished\":\"2023-02-07T17:58:33+00:00\",\"breadcrumb\":{\"@id\":\"https:\/\/lereumaviagem.com\/piqueniques-literarios-em-tapetes-voadores\/equipe\/felipe-brito\/#breadcrumb\"},\"inLanguage\":\"pt-BR\",\"potentialAction\":[{\"@type\":\"ReadAction\",\"target\":[\"https:\/\/lereumaviagem.com\/piqueniques-literarios-em-tapetes-voadores\/equipe\/felipe-brito\/\"]}]},{\"@type\":\"ImageObject\",\"inLanguage\":\"pt-BR\",\"@id\":\"https:\/\/lereumaviagem.com\/piqueniques-literarios-em-tapetes-voadores\/equipe\/felipe-brito\/#primaryimage\",\"url\":\"https:\/\/lereumaviagem.com\/piqueniques-literarios-em-tapetes-voadores\/wp-content\/uploads\/2023\/02\/PLTV-Felipe-Brito-Foto-Daniela-Noronha.jpg\",\"contentUrl\":\"https:\/\/lereumaviagem.com\/piqueniques-literarios-em-tapetes-voadores\/wp-content\/uploads\/2023\/02\/PLTV-Felipe-Brito-Foto-Daniela-Noronha.jpg\",\"width\":450,\"height\":450},{\"@type\":\"BreadcrumbList\",\"@id\":\"https:\/\/lereumaviagem.com\/piqueniques-literarios-em-tapetes-voadores\/equipe\/felipe-brito\/#breadcrumb\",\"itemListElement\":[{\"@type\":\"ListItem\",\"position\":1,\"name\":\"In\u00edcio\",\"item\":\"https:\/\/lereumaviagem.com\/piqueniques-literarios-em-tapetes-voadores\/\"},{\"@type\":\"ListItem\",\"position\":2,\"name\":\"Felipe Brito\"}]},{\"@type\":\"WebSite\",\"@id\":\"https:\/\/lereumaviagem.com\/piqueniques-literarios-em-tapetes-voadores\/#website\",\"url\":\"https:\/\/lereumaviagem.com\/piqueniques-literarios-em-tapetes-voadores\/\",\"name\":\"Piqueniques Liter\u00e1rios\",\"description\":\"Tapetes Voadores\",\"publisher\":{\"@id\":\"https:\/\/lereumaviagem.com\/piqueniques-literarios-em-tapetes-voadores\/#organization\"},\"potentialAction\":[{\"@type\":\"SearchAction\",\"target\":{\"@type\":\"EntryPoint\",\"urlTemplate\":\"https:\/\/lereumaviagem.com\/piqueniques-literarios-em-tapetes-voadores\/?s={search_term_string}\"},\"query-input\":{\"@type\":\"PropertyValueSpecification\",\"valueRequired\":true,\"valueName\":\"search_term_string\"}}],\"inLanguage\":\"pt-BR\"},{\"@type\":\"Organization\",\"@id\":\"https:\/\/lereumaviagem.com\/piqueniques-literarios-em-tapetes-voadores\/#organization\",\"name\":\"Piqueniques Liter\u00e1rios em Tapetes Voadores\",\"url\":\"https:\/\/lereumaviagem.com\/piqueniques-literarios-em-tapetes-voadores\/\",\"logo\":{\"@type\":\"ImageObject\",\"inLanguage\":\"pt-BR\",\"@id\":\"https:\/\/lereumaviagem.com\/piqueniques-literarios-em-tapetes-voadores\/#\/schema\/logo\/image\/\",\"url\":\"https:\/\/lereumaviagem.com\/piqueniques-literarios-em-tapetes-voadores\/wp-content\/uploads\/2023\/01\/logo-Piqueniques-Literarios.png\",\"contentUrl\":\"https:\/\/lereumaviagem.com\/piqueniques-literarios-em-tapetes-voadores\/wp-content\/uploads\/2023\/01\/logo-Piqueniques-Literarios.png\",\"width\":300,\"height\":154,\"caption\":\"Piqueniques Liter\u00e1rios em Tapetes Voadores\"},\"image\":{\"@id\":\"https:\/\/lereumaviagem.com\/piqueniques-literarios-em-tapetes-voadores\/#\/schema\/logo\/image\/\"},\"sameAs\":[\"https:\/\/www.facebook.com\/lereumaviagem\",\"https:\/\/www.instagram.com\/lereumaviagemoficial\/\",\"https:\/\/www.youtube.com\/@lereumaviagemoficial\"]}]}<\/script>\n<!-- \/ Yoast SEO plugin. -->","yoast_head_json":{"title":"Felipe Brito - Piqueniques Liter\u00e1rios","robots":{"index":"index","follow":"follow","max-snippet":"max-snippet:-1","max-image-preview":"max-image-preview:large","max-video-preview":"max-video-preview:-1"},"canonical":"https:\/\/lereumaviagem.com\/piqueniques-literarios-em-tapetes-voadores\/equipe\/felipe-brito\/","og_locale":"pt_BR","og_type":"article","og_title":"Felipe Brito - Piqueniques Liter\u00e1rios","og_description":"Produtor cultural, especializando em Temas Transversais, pelo IFSP &#8211; Salto. Bacharel em direito pela Faculdade de Direito de Itu &#8211; FADITU. Tem seu trabalho focado em projetos culturais e ambientais. Desde 2014, desenvolve atividades junto \u00e0 organiza\u00e7\u00e3o n\u00e3o governamental Movimento Socioambiental Caminho das \u00c1guas, onde atua na gest\u00e3o, produ\u00e7\u00e3o e administra\u00e7\u00e3o de projetos culturais.","og_url":"https:\/\/lereumaviagem.com\/piqueniques-literarios-em-tapetes-voadores\/equipe\/felipe-brito\/","og_site_name":"Piqueniques Liter\u00e1rios","article_publisher":"https:\/\/www.facebook.com\/lereumaviagem","og_image":[{"width":450,"height":450,"url":"http:\/\/lereumaviagem.com\/piqueniques-literarios-em-tapetes-voadores\/wp-content\/uploads\/2023\/02\/PLTV-Felipe-Brito-Foto-Daniela-Noronha.jpg","type":"image\/jpeg"}],"twitter_card":"summary_large_image","schema":{"@context":"https:\/\/schema.org","@graph":[{"@type":"WebPage","@id":"https:\/\/lereumaviagem.com\/piqueniques-literarios-em-tapetes-voadores\/equipe\/felipe-brito\/","url":"https:\/\/lereumaviagem.com\/piqueniques-literarios-em-tapetes-voadores\/equipe\/felipe-brito\/","name":"Felipe Brito - Piqueniques Liter\u00e1rios","isPartOf":{"@id":"https:\/\/lereumaviagem.com\/piqueniques-literarios-em-tapetes-voadores\/#website"},"primaryImageOfPage":{"@id":"https:\/\/lereumaviagem.com\/piqueniques-literarios-em-tapetes-voadores\/equipe\/felipe-brito\/#primaryimage"},"image":{"@id":"https:\/\/lereumaviagem.com\/piqueniques-literarios-em-tapetes-voadores\/equipe\/felipe-brito\/#primaryimage"},"thumbnailUrl":"https:\/\/lereumaviagem.com\/piqueniques-literarios-em-tapetes-voadores\/wp-content\/uploads\/2023\/02\/PLTV-Felipe-Brito-Foto-Daniela-Noronha.jpg","datePublished":"2023-02-07T17:58:33+00:00","breadcrumb":{"@id":"https:\/\/lereumaviagem.com\/piqueniques-literarios-em-tapetes-voadores\/equipe\/felipe-brito\/#breadcrumb"},"inLanguage":"pt-BR","potentialAction":[{"@type":"ReadAction","target":["https:\/\/lereumaviagem.com\/piqueniques-literarios-em-tapetes-voadores\/equipe\/felipe-brito\/"]}]},{"@type":"ImageObject","inLanguage":"pt-BR","@id":"https:\/\/lereumaviagem.com\/piqueniques-literarios-em-tapetes-voadores\/equipe\/felipe-brito\/#primaryimage","url":"https:\/\/lereumaviagem.com\/piqueniques-literarios-em-tapetes-voadores\/wp-content\/uploads\/2023\/02\/PLTV-Felipe-Brito-Foto-Daniela-Noronha.jpg","contentUrl":"https:\/\/lereumaviagem.com\/piqueniques-literarios-em-tapetes-voadores\/wp-content\/uploads\/2023\/02\/PLTV-Felipe-Brito-Foto-Daniela-Noronha.jpg","width":450,"height":450},{"@type":"BreadcrumbList","@id":"https:\/\/lereumaviagem.com\/piqueniques-literarios-em-tapetes-voadores\/equipe\/felipe-brito\/#breadcrumb","itemListElement":[{"@type":"ListItem","position":1,"name":"In\u00edcio","item":"https:\/\/lereumaviagem.com\/piqueniques-literarios-em-tapetes-voadores\/"},{"@type":"ListItem","position":2,"name":"Felipe Brito"}]},{"@type":"WebSite","@id":"https:\/\/lereumaviagem.com\/piqueniques-literarios-em-tapetes-voadores\/#website","url":"https:\/\/lereumaviagem.com\/piqueniques-literarios-em-tapetes-voadores\/","name":"Piqueniques Liter\u00e1rios","description":"Tapetes Voadores","publisher":{"@id":"https:\/\/lereumaviagem.com\/piqueniques-literarios-em-tapetes-voadores\/#organization"},"potentialAction":[{"@type":"SearchAction","target":{"@type":"EntryPoint","urlTemplate":"https:\/\/lereumaviagem.com\/piqueniques-literarios-em-tapetes-voadores\/?s={search_term_string}"},"query-input":{"@type":"PropertyValueSpecification","valueRequired":true,"valueName":"search_term_string"}}],"inLanguage":"pt-BR"},{"@type":"Organization","@id":"https:\/\/lereumaviagem.com\/piqueniques-literarios-em-tapetes-voadores\/#organization","name":"Piqueniques Liter\u00e1rios em Tapetes Voadores","url":"https:\/\/lereumaviagem.com\/piqueniques-literarios-em-tapetes-voadores\/","logo":{"@type":"ImageObject","inLanguage":"pt-BR","@id":"https:\/\/lereumaviagem.com\/piqueniques-literarios-em-tapetes-voadores\/#\/schema\/logo\/image\/","url":"https:\/\/lereumaviagem.com\/piqueniques-literarios-em-tapetes-voadores\/wp-content\/uploads\/2023\/01\/logo-Piqueniques-Literarios.png","contentUrl":"https:\/\/lereumaviagem.com\/piqueniques-literarios-em-tapetes-voadores\/wp-content\/uploads\/2023\/01\/logo-Piqueniques-Literarios.png","width":300,"height":154,"caption":"Piqueniques Liter\u00e1rios em Tapetes Voadores"},"image":{"@id":"https:\/\/lereumaviagem.com\/piqueniques-literarios-em-tapetes-voadores\/#\/schema\/logo\/image\/"},"sameAs":["https:\/\/www.facebook.com\/lereumaviagem","https:\/\/www.instagram.com\/lereumaviagemoficial\/","https:\/\/www.youtube.com\/@lereumaviagemoficial"]}]}},"_links":{"self":[{"href":"https:\/\/lereumaviagem.com\/piqueniques-literarios-em-tapetes-voadores\/wp-json\/wp\/v2\/equipe\/37670","targetHints":{"allow":["GET"]}}],"collection":[{"href":"https:\/\/lereumaviagem.com\/piqueniques-literarios-em-tapetes-voadores\/wp-json\/wp\/v2\/equipe"}],"about":[{"href":"https:\/\/lereumaviagem.com\/piqueniques-literarios-em-tapetes-voadores\/wp-json\/wp\/v2\/types\/equipe"}],"replies":[{"embeddable":true,"href":"https:\/\/lereumaviagem.com\/piqueniques-literarios-em-tapetes-voadores\/wp-json\/wp\/v2\/comments?post=37670"}],"wp:featuredmedia":[{"embeddable":true,"href":"https:\/\/lereumaviagem.com\/piqueniques-literarios-em-tapetes-voadores\/wp-json\/wp\/v2\/media\/37671"}],"wp:attachment":[{"href":"https:\/\/lereumaviagem.com\/piqueniques-literarios-em-tapetes-voadores\/wp-json\/wp\/v2\/media?parent=37670"}],"wp:term":[{"taxonomy":"departamento","embeddable":true,"href":"https:\/\/lereumaviagem.com\/piqueniques-literarios-em-tapetes-voadores\/wp-json\/wp\/v2\/departamento?post=37670"}],"curies":[{"name":"wp","href":"https:\/\/api.w.org\/{rel}","templated":true}]}}

<p>Produtor cultural, especializando em Temas Transversais, pelo IFSP &#8211; Salto. Bacharel em direito pela Faculdade de Direito de Itu &#8211; FADITU. Tem seu trabalho focado em projetos culturais e ambientais. Desde 2014, desenvolve atividades junto à organização não governamental Movimento Socioambiental Caminho das Águas, onde atua na gestão, produção e administração de projetos culturais.</p>

<!-- This site is optimized with the Yoast SEO plugin v26.8 - https://yoast.com/product/yoast-seo-wordpress/ -->
<title>Felipe Brito - Piqueniques Literários</title>
<meta name="robots" content="index, follow, max-snippet:-1, max-image-preview:large, max-video-preview:-1" />
<link rel="canonical" href="https://lereumaviagem.com/piqueniques-literarios-em-tapetes-voadores/equipe/felipe-brito/" />
<meta property="og:locale" content="pt_BR" />
<meta property="og:type" content="article" />
<meta property="og:title" content="Felipe Brito - Piqueniques Literários" />
<meta property="og:description" content="Produtor cultural, especializando em Temas Transversais, pelo IFSP &#8211; Salto. Bacharel em direito pela Faculdade de Direito de Itu &#8211; FADITU. Tem seu trabalho focado em projetos culturais e ambientais. Desde 2014, desenvolve atividades junto à organização não governamental Movimento Socioambiental Caminho das Águas, onde atua na gestão, produção e administração de projetos culturais." />
<meta property="og:url" content="https://lereumaviagem.com/piqueniques-literarios-em-tapetes-voadores/equipe/felipe-brito/" />
<meta property="og:site_name" content="Piqueniques Literários" />
<meta property="article:publisher" content="https://www.facebook.com/lereumaviagem" />
<meta property="og:image" content="http://lereumaviagem.com/piqueniques-literarios-em-tapetes-voadores/wp-content/uploads/2023/02/PLTV-Felipe-Brito-Foto-Daniela-Noronha.jpg" />
	<meta property="og:image:width" content="450" />
	<meta property="og:image:height" content="450" />
	<meta property="og:image:type" content="image/jpeg" />
<meta name="twitter:card" content="summary_large_image" />
<script type="application/ld+json" class="yoast-schema-graph">{"@context":"https://schema.org","@graph":[{"@type":"WebPage","@id":"https://lereumaviagem.com/piqueniques-literarios-em-tapetes-voadores/equipe/felipe-brito/","url":"https://lereumaviagem.com/piqueniques-literarios-em-tapetes-voadores/equipe/felipe-brito/","name":"Felipe Brito - Piqueniques Literários","isPartOf":{"@id":"https://lereumaviagem.com/piqueniques-literarios-em-tapetes-voadores/#website"},"primaryImageOfPage":{"@id":"https://lereumaviagem.com/piqueniques-literarios-em-tapetes-voadores/equipe/felipe-brito/#primaryimage"},"image":{"@id":"https://lereumaviagem.com/piqueniques-literarios-em-tapetes-voadores/equipe/felipe-brito/#primaryimage"},"thumbnailUrl":"https://lereumaviagem.com/piqueniques-literarios-em-tapetes-voadores/wp-content/uploads/2023/02/PLTV-Felipe-Brito-Foto-Daniela-Noronha.jpg","datePublished":"2023-02-07T17:58:33+00:00","breadcrumb":{"@id":"https://lereumaviagem.com/piqueniques-literarios-em-tapetes-voadores/equipe/felipe-brito/#breadcrumb"},"inLanguage":"pt-BR","potentialAction":[{"@type":"ReadAction","target":["https://lereumaviagem.com/piqueniques-literarios-em-tapetes-voadores/equipe/felipe-brito/"]}]},{"@type":"ImageObject","inLanguage":"pt-BR","@id":"https://lereumaviagem.com/piqueniques-literarios-em-tapetes-voadores/equipe/felipe-brito/#primaryimage","url":"https://lereumaviagem.com/piqueniques-literarios-em-tapetes-voadores/wp-content/uploads/2023/02/PLTV-Felipe-Brito-Foto-Daniela-Noronha.jpg","contentUrl":"https://lereumaviagem.com/piqueniques-literarios-em-tapetes-voadores/wp-content/uploads/2023/02/PLTV-Felipe-Brito-Foto-Daniela-Noronha.jpg","width":450,"height":450},{"@type":"BreadcrumbList","@id":"https://lereumaviagem.com/piqueniques-literarios-em-tapetes-voadores/equipe/felipe-brito/#breadcrumb","itemListElement":[{"@type":"ListItem","position":1,"name":"Início","item":"https://lereumaviagem.com/piqueniques-literarios-em-tapetes-voadores/"},{"@type":"ListItem","position":2,"name":"Felipe Brito"}]},{"@type":"WebSite","@id":"https://lereumaviagem.com/piqueniques-literarios-em-tapetes-voadores/#website","url":"https://lereumaviagem.com/piqueniques-literarios-em-tapetes-voadores/","name":"Piqueniques Literários","description":"Tapetes Voadores","publisher":{"@id":"https://lereumaviagem.com/piqueniques-literarios-em-tapetes-voadores/#organization"},"potentialAction":[{"@type":"SearchAction","target":{"@type":"EntryPoint","urlTemplate":"https://lereumaviagem.com/piqueniques-literarios-em-tapetes-voadores/?s={search_term_string}"},"query-input":{"@type":"PropertyValueSpecification","valueRequired":true,"valueName":"search_term_string"}}],"inLanguage":"pt-BR"},{"@type":"Organization","@id":"https://lereumaviagem.com/piqueniques-literarios-em-tapetes-voadores/#organization","name":"Piqueniques Literários em Tapetes Voadores","url":"https://lereumaviagem.com/piqueniques-literarios-em-tapetes-voadores/","logo":{"@type":"ImageObject","inLanguage":"pt-BR","@id":"https://lereumaviagem.com/piqueniques-literarios-em-tapetes-voadores/#/schema/logo/image/","url":"https://lereumaviagem.com/piqueniques-literarios-em-tapetes-voadores/wp-content/uploads/2023/01/logo-Piqueniques-Literarios.png","contentUrl":"https://lereumaviagem.com/piqueniques-literarios-em-tapetes-voadores/wp-content/uploads/2023/01/logo-Piqueniques-Literarios.png","width":300,"height":154,"caption":"Piqueniques Literários em Tapetes Voadores"},"image":{"@id":"https://lereumaviagem.com/piqueniques-literarios-em-tapetes-voadores/#/schema/logo/image/"},"sameAs":["https://www.facebook.com/lereumaviagem","https://www.instagram.com/lereumaviagemoficial/","https://www.youtube.com/@lereumaviagemoficial"]}]}</script>
<!-- / Yoast SEO plugin. -->

Felipe Brito - Piqueniques Literários

Produtor cultural, especializando em Temas Transversais, pelo IFSP &#8211; Salto. Bacharel em direito pela Faculdade de Direito de Itu &#8211; FADITU. Tem seu trabalho focado em projetos culturais e ambientais. Desde 2014, desenvolve atividades junto à organização não governamental Movimento Socioambiental Caminho das Águas, onde atua na gestão, produção e administração de projetos culturais.

Piqueniques Literários

Início

Piqueniques Literários em Tapetes Voadores
