{"version":"1.0","provider_name":"Piqueniques Liter\u00e1rios","provider_url":"https:\/\/lereumaviagem.com\/piqueniques-literarios-em-tapetes-voadores","author_name":"admin","author_url":"https:\/\/lereumaviagem.com\/piqueniques-literarios-em-tapetes-voadores\/author\/capim\/","title":"Talita Del Collado - Piqueniques Liter\u00e1rios","type":"rich","width":600,"height":338,"html":"<blockquote class=\"wp-embedded-content\" data-secret=\"5FwhIMpHmg\"><a href=\"https:\/\/lereumaviagem.com\/piqueniques-literarios-em-tapetes-voadores\/equipe\/talita-del-collado\/\">Talita Del Collado<\/a><\/blockquote><iframe sandbox=\"allow-scripts\" security=\"restricted\" src=\"https:\/\/lereumaviagem.com\/piqueniques-literarios-em-tapetes-voadores\/equipe\/talita-del-collado\/embed\/#?secret=5FwhIMpHmg\" width=\"600\" height=\"338\" title=\"&#8220;Talita Del Collado&#8221; &#8212; Piqueniques Liter\u00e1rios\" data-secret=\"5FwhIMpHmg\" frameborder=\"0\" marginwidth=\"0\" marginheight=\"0\" scrolling=\"no\" class=\"wp-embedded-content\"><\/iframe><script type=\"text\/javascript\">\n\/* <![CDATA[ *\/\n\/*! This file is auto-generated *\/\n!function(d,l){\"use strict\";l.querySelector&&d.addEventListener&&\"undefined\"!=typeof URL&&(d.wp=d.wp||{},d.wp.receiveEmbedMessage||(d.wp.receiveEmbedMessage=function(e){var t=e.data;if((t||t.secret||t.message||t.value)&&!\/[^a-zA-Z0-9]\/.test(t.secret)){for(var s,r,n,a=l.querySelectorAll('iframe[data-secret=\"'+t.secret+'\"]'),o=l.querySelectorAll('blockquote[data-secret=\"'+t.secret+'\"]'),c=new RegExp(\"^https?:$\",\"i\"),i=0;i<o.length;i++)o[i].style.display=\"none\";for(i=0;i<a.length;i++)s=a[i],e.source===s.contentWindow&&(s.removeAttribute(\"style\"),\"height\"===t.message?(1e3<(r=parseInt(t.value,10))?r=1e3:~~r<200&&(r=200),s.height=r):\"link\"===t.message&&(r=new URL(s.getAttribute(\"src\")),n=new URL(t.value),c.test(n.protocol))&&n.host===r.host&&l.activeElement===s&&(d.top.location.href=t.value))}},d.addEventListener(\"message\",d.wp.receiveEmbedMessage,!1),l.addEventListener(\"DOMContentLoaded\",function(){for(var e,t,s=l.querySelectorAll(\"iframe.wp-embedded-content\"),r=0;r<s.length;r++)(t=(e=s[r]).getAttribute(\"data-secret\"))||(t=Math.random().toString(36).substring(2,12),e.src+=\"#?secret=\"+t,e.setAttribute(\"data-secret\",t)),e.contentWindow.postMessage({message:\"ready\",secret:t},\"*\")},!1)))}(window,document);\n\/\/# sourceURL=https:\/\/lereumaviagem.com\/piqueniques-literarios-em-tapetes-voadores\/wp-includes\/js\/wp-embed.min.js\n\/* ]]> *\/\n<\/script>\n","thumbnail_url":"http:\/\/lereumaviagem.com\/piqueniques-literarios-em-tapetes-voadores\/wp-content\/uploads\/2023\/02\/PLTV-Talita-Del-Colado.jpg","thumbnail_width":450,"thumbnail_height":450,"description":"Percussionista e cantora, produtora musical. Integra o grupo de forr\u00f3 Trio Mana Flor desde 2008 e realiza cerca de 80 shows por ano no Brasil e no exterior. Comp\u00f5e trilhas sonoras para cinema (&#8220;A \u00daltima Floresta&#8221; e &#8220;Respeitem as Nossas Hist\u00f3rias&#8221;), participa de projetos musicais da Cia. Cabelo de Maria, com Renata Mattar e Gustavo..."}

Piqueniques Literários

Talita Del Collado - Piqueniques Literários

<blockquote class="wp-embedded-content" data-secret="5FwhIMpHmg"><a href="https://lereumaviagem.com/piqueniques-literarios-em-tapetes-voadores/equipe/talita-del-collado/">Talita Del Collado</a></blockquote><iframe sandbox="allow-scripts" security="restricted" src="https://lereumaviagem.com/piqueniques-literarios-em-tapetes-voadores/equipe/talita-del-collado/embed/#?secret=5FwhIMpHmg" width="600" height="338" title="&#8220;Talita Del Collado&#8221; &#8212; Piqueniques Literários" data-secret="5FwhIMpHmg" frameborder="0" marginwidth="0" marginheight="0" scrolling="no" class="wp-embedded-content"></iframe><script type="text/javascript">
/* <![CDATA[ */
/*! This file is auto-generated */
!function(d,l){"use strict";l.querySelector&&d.addEventListener&&"undefined"!=typeof URL&&(d.wp=d.wp||{},d.wp.receiveEmbedMessage||(d.wp.receiveEmbedMessage=function(e){var t=e.data;if((t||t.secret||t.message||t.value)&&!/[^a-zA-Z0-9]/.test(t.secret)){for(var s,r,n,a=l.querySelectorAll('iframe[data-secret="'+t.secret+'"]'),o=l.querySelectorAll('blockquote[data-secret="'+t.secret+'"]'),c=new RegExp("^https?:$","i"),i=0;i<o.length;i++)o[i].style.display="none";for(i=0;i<a.length;i++)s=a[i],e.source===s.contentWindow&&(s.removeAttribute("style"),"height"===t.message?(1e3<(r=parseInt(t.value,10))?r=1e3:~~r<200&&(r=200),s.height=r):"link"===t.message&&(r=new URL(s.getAttribute("src")),n=new URL(t.value),c.test(n.protocol))&&n.host===r.host&&l.activeElement===s&&(d.top.location.href=t.value))}},d.addEventListener("message",d.wp.receiveEmbedMessage,!1),l.addEventListener("DOMContentLoaded",function(){for(var e,t,s=l.querySelectorAll("iframe.wp-embedded-content"),r=0;r<s.length;r++)(t=(e=s[r]).getAttribute("data-secret"))||(t=Math.random().toString(36).substring(2,12),e.src+="#?secret="+t,e.setAttribute("data-secret",t)),e.contentWindow.postMessage({message:"ready",secret:t},"*")},!1)))}(window,document);
//# sourceURL=https://lereumaviagem.com/piqueniques-literarios-em-tapetes-voadores/wp-includes/js/wp-embed.min.js
/* ]]> */
</script>

Percussionista e cantora, produtora musical. Integra o grupo de forró Trio Mana Flor desde 2008 e realiza cerca de 80 shows por ano no Brasil e no exterior. Compõe trilhas sonoras para cinema (&#8220;A Última Floresta&#8221; e &#8220;Respeitem as Nossas Histórias&#8221;), participa de projetos musicais da Cia. Cabelo de Maria, com Renata Mattar e Gustavo...
